{"id":188,"date":"2019-08-17T13:16:54","date_gmt":"2019-08-17T11:16:54","guid":{"rendered":"https:\/\/jeldwenbrandschutz.digitalwerkstatt.at\/?page_id=188"},"modified":"2021-01-11T10:50:20","modified_gmt":"2021-01-11T09:50:20","slug":"contact","status":"publish","type":"page","link":"https:\/\/brandschutzverordnung.jeld-wen.ch\/fr\/contact\/","title":{"rendered":"Contact"},"content":{"rendered":"<p><strong>Bienvenue chez nous!<\/strong><\/p>\n<p>Nous avons le plaisir de vous proposer la plus grande vari\u00e9t\u00e9 de portes de Suisse et nous sommes \u00e0 votre disposition pour toute information compl\u00e9mentaire.<\/p>\n<p>Contactez-nous:<\/p>\n<p>JELD-WEN Schweiz AG<br \/>\nLuzernerstrasse 48,<br \/>\nCH-5620 Bremgarten<\/p>\n<p>Tel.: 056\/648 99 77<br \/>\nFax: 056\/648 97 01<\/p>\n<p>JELD-WEN Suisse SA<br \/>\nRoute de Montreux 149,<br \/>\nCH-1618 Ch\u00e2tel-St-Denis<\/p>\n<p>Tel.: 021\/948 20 50<br \/>\nFax: 021\/948 20 59<\/p>\n<p><a href=\"mailto:tueren@jeldwen.com\">tueren@jeldwen.com<\/a><\/p>\n","protected":false},"excerpt":{"rendered":"<p>Bienvenue chez nous! Nous avons le plaisir de vous proposer la plus grande vari\u00e9t\u00e9 de portes de Suisse et nous sommes \u00e0 votre disposition pour toute information compl\u00e9mentaire. Contactez-nous: JELD-WEN Schweiz AG Luzernerstrasse 48, CH-5620 Bremgarten Tel.: 056\/648 99 77 Fax: 056\/648 97 01 JELD-WEN Suisse SA Route de Montreux 149, CH-1618 Ch\u00e2tel-St-Denis Tel.: 021\/948 [&hellip;]<\/p>\n","protected":false},"author":1,"featured_media":0,"parent":0,"menu_order":0,"comment_status":"closed","ping_status":"closed","template":"","meta":{"_acf_changed":false,"footnotes":""},"class_list":["post-188","page","type-page","status-publish","hentry"],"acf":[],"_links":{"self":[{"href":"https:\/\/brandschutzverordnung.jeld-wen.ch\/fr\/wp-json\/wp\/v2\/pages\/188","targetHints":{"allow":["GET"]}}],"collection":[{"href":"https:\/\/brandschutzverordnung.jeld-wen.ch\/fr\/wp-json\/wp\/v2\/pages"}],"about":[{"href":"https:\/\/brandschutzverordnung.jeld-wen.ch\/fr\/wp-json\/wp\/v2\/types\/page"}],"author":[{"embeddable":true,"href":"https:\/\/brandschutzverordnung.jeld-wen.ch\/fr\/wp-json\/wp\/v2\/users\/1"}],"replies":[{"embeddable":true,"href":"https:\/\/brandschutzverordnung.jeld-wen.ch\/fr\/wp-json\/wp\/v2\/comments?post=188"}],"version-history":[{"count":4,"href":"https:\/\/brandschutzverordnung.jeld-wen.ch\/fr\/wp-json\/wp\/v2\/pages\/188\/revisions"}],"predecessor-version":[{"id":4992,"href":"https:\/\/brandschutzverordnung.jeld-wen.ch\/fr\/wp-json\/wp\/v2\/pages\/188\/revisions\/4992"}],"wp:attachment":[{"href":"https:\/\/brandschutzverordnung.jeld-wen.ch\/fr\/wp-json\/wp\/v2\/media?parent=188"}],"curies":[{"name":"wp","href":"https:\/\/api.w.org\/{rel}","templated":true}]}}

<p><strong>Bienvenue chez nous!</strong></p>
<p>Nous avons le plaisir de vous proposer la plus grande variété de portes de Suisse et nous sommes à votre disposition pour toute information complémentaire.</p>
<p>Contactez-nous:</p>
<p>JELD-WEN Schweiz AG<br />
Luzernerstrasse 48,<br />
CH-5620 Bremgarten</p>
<p>Tel.: 056/648 99 77<br />
Fax: 056/648 97 01</p>
<p>JELD-WEN Suisse SA<br />
Route de Montreux 149,<br />
CH-1618 Châtel-St-Denis</p>
<p>Tel.: 021/948 20 50<br />
Fax: 021/948 20 59</p>
<p><a href="mailto:tueren@jeldwen.com">tueren@jeldwen.com</a></p>

<p>Bienvenue chez nous! Nous avons le plaisir de vous proposer la plus grande variété de portes de Suisse et nous sommes à votre disposition pour toute information complémentaire. Contactez-nous: JELD-WEN Schweiz AG Luzernerstrasse 48, CH-5620 Bremgarten Tel.: 056/648 99 77 Fax: 056/648 97 01 JELD-WEN Suisse SA Route de Montreux 149, CH-1618 Châtel-St-Denis Tel.: 021/948 [&hellip;]</p>
